t is 26 (base 10) in base 6?
42
Convert 101 (base 6) to base 14.
29
-63 (base 10) to base 9
-70
What is -11 (base 6) in base 11?
-7
What is -3311 (base 4) in base 3?
-100002
What is 3 (base 4) in base 3?
10
Convert -11100 (base 2) to base 7.
-40
Convert 45 (base 9) to base 3.
1112
What is -4 (base 9) in base 14?
-4
What is -c (base 15) in base 14?
-c
Convert -9 (base 11) to base 4.
-21
Convert -11 (base 10) to base 6.
-15
-1 (base 16) to base 13
-1
101 (base 6) to base 9
41
3 (base 4) to base 3
10
3 (base 13) to base 15
3
-1a (base 13) to base 14
-19
-22 (base 3) to base 4
-20
-8 (base 14) to base 2
-1000
Convert 2 (base 13) to base 7.
2
6a (base 11) to base 4
1030
Convert 53 (base 16) to base 9.
102
What is 26 (base 16) in base 2?
100110
-20 (base 3) to base 6
-10
Convert 0 (base 5) to base 7.
0
What is -22 (base 3) in base 9?
-8
Convert 1c (base 14) to base 12.
22
-25 (base 9) to base 15
-18
Convert -78 (base 15) to base 12.
-95
What is d (base 16) in base 6?
21
-6 (base 15) to base 4
-12
What is -20 (base 12) in base 10?
-24
4f (base 16) to base 8
117
Convert -3e (base 16) to base 3.
-2022
433 (base 5) to base 12
9a
What is 4 (base 9) in base 10?
4
Convert 111 (base 2) to base 9.
7
What is 22 (base 5) in base 11?
11
Convert 2220 (base 3) to base 8.
116
Convert -10 (base 7) to base 14.
-7
-190 (base 16) to base 7
-1111
What is -2 (base 15) in base 14?
-2
12 (base 4) to base 14
6
What is -3 (base 13) in base 8?
-3
Convert -45 (base 14) to base 16.
-3d
-32 (base 5) to base 14
-13
-52 (base 8) to base 11
-39
0 (base 5) to base 9
0
What is 46 (base 10) in base 12?
3a
-6 (base 15) to base 2
-110
Convert 6 (base 12) to base 9.
6
Convert -26 (base 9) to base 12.
-20
Convert -22 (base 5) to base 11.
-11
Convert 7 (base 10) to base 3.
21
Convert 38 (base 9) to base 12.
2b
3 (base 16) to base 13
3
-8 (base 15) to base 7
-11
What is -2 (base 12) in base 13?
-2
Convert 173 (base 14) to base 13.
19b
-41 (base 7) to base 9
-32
Convert 43 (base 6) to base 7.
36
1 (base 5) to base 3
1
Convert 110 (base 3) to base 9.
13
Convert -3 (base 10) to base 4.
-3
What is -23 (base 14) in base 8?
-37
Convert -1001100 (base 2) to base 7.
-136
102 (base 4) to base 11
17
Convert 1 (base 10) to base 6.
1
What is 6a (base 11) in base 4?
1030
What is -7 (base 9) in base 13?
-7
What is -96 (base 14) in base 5?
-1012
Convert -5 (base 15) to base 2.
-101
-1222 (base 3) to base 13
-41
What is -270 (base 8) in base 11?
-158
-101 (base 2) to base 4
-11
-5 (base 16) to base 9
-5
What is 202 (base 4) in base 6?
54
Convert 3 (base 15) to base 6.
3
Convert 2221 (base 4) to base 15.
b4
What is -13 (base 8) in base 3?
-102
Convert 14 (base 6) to base 2.
1010
-10 (base 4) to base 11
-4
-110 (base 3) to base 8
-14
What is -b (base 16) in base 6?
-15
What is 55 (base 13) in base 7?
130
What is 4 (base 16) in base 10?
4
Convert -1 (base 15) to base 9.
-1
-29 (base 11) to base 7
-43
Convert -14 (base 5) to base 3.
-100
37 (base 9) to base 15
24
Convert 3 (base 13) to base 2.
11
What is 20 (base 7) in base 13?
11
15 (base 9) to base 10
14
-11000 (base 2) to base 15
-19
14 (base 11) to base 15
10
0 (base 13) to base 12
0
Convert 0 (base 14) to base 10.
0
What is 41 (base 15) in base 13?
49
What is -b0 (base 16) in base 10?
-176
11121 (base 3) to base 7
235
Convert -23 (base 5) to base 14.
-d
Convert -21 (base 11) to base 8.
-27
-3b (base 16) to base 14
-43
What is -5 (base 13) in base 4?
-11
What is -36 (base 8) in base 5?
-110
-7 (base 15) to base 6
-11
What is -1 (base 14) in base 16?
-1
What is 16 (base 8) in base 16?
e
What is 3 (base 14) in base 12?
3
Convert -196 (base 12) to base 9.
-316
-220 (base 6) to base 9
-103
What is -10 (base 12) in base 11?
-11
Convert -22 (base 6) to base 8.
-16
0 (base 14) to base 8
0
-1110 (base 4) to base 3
-10010
What is -10 (base 4) in base 5?
-4
Convert 23 (base 8) to base 2.
10011
What is 8 (base 16) in base 2?
1000
Convert 16 (base 7) to base 14.
d
-2 (base 12) to base 13
-2
-1a (base 13) to base 16
-17
Convert c (base 16) to base 2.
1100
-1 (base 16) to base 11
-1
What is 10 (base 13) in base 6?
21
What is -6 (base 14) in base 12?
-6
Convert 4 (base 5) to base 13.
4
Convert 4 (base 13) to base 5.
4
-4 (base 6) to base 15
-4
What is -2 (base 9) in base 8?
-2
22 (base 6) to base 10
14
-1 (base 9) to base 14
-1
What is -74 (base 12) in base 3?
-10021
Convert 94 (base 10) to base 7.
163
Convert -6 (base 14) to base 11.
-6
Convert 233 (base 6) to base 10.
93
-2 (base 6) to base 14
-2
Convert 344 (base 5) to base 15.
69
-52 (base 13) to base 7
-124
Convert -1 (base 4) to base 3.
-1
Convert -17 (base 11) to base 5.
-33
-21 (base 14) to base 3
-1002
Convert -2 (base 4) to base 14.
-2
Convert 1 (base 15) to base 6.
1
-4 (base 13) to base 2
-100
3 (base 12) to base 11
3
-1 (base 3) to base 5
-1
Convert -66 (base 8) to base 12.
-46
What is -14 (base 6) in base 5?
-20
Convert 16 (base 13) to base 11.
18
Convert -110 (base 2) to base 16.
-6
42 (base 5) to base 15
17
-10 (base 4) to base 14
-4
What is -24 (base 8) in base 7?
-26
-3 (base 6) to base 2
-11
What is -3 (base 6) in base 4?
-3
Convert -101 (base 4) to base 2.
-10001
What is -1 (base 2) in base 8?
-1
Convert 0 (base 12) to base 10.
0
What is 332 (base 10) in base 5?
2312
-e (base 15) to base 16
-e
-11 (base 7) to base 2
-1000
Convert -1 (base 11) to base 13.
-1
What is 341 (base 7) in base 6?
452
Convert 5 (base 14) to base 12.
5
Convert 48 (base 9) to base 7.
62
Convert 5 (base 14) to base 16.
5
Convert -12 (base 5) to base 12.
-7
Convert -1 (base 12) to base 4.
-1
111 (base 2) to base 8
7
What is -1 (base 7) in base 5?
-1
12 (base 11) to base 6
21
Convert 3 (base 13) to base 10.
3
Convert -225 (base 10) to base 15.
-100
What is 131 (base 5) in base 2?
101001
-2 (base 12) to base 2
-10
What is 104 (base 6) in base 16?
28
Convert 2200 (base 3) to base 11.
66
What is -56 (base 12) in base 9?
-73
-10 (base 3) to base 14
-3
0 (base 4) to base 7
0
Convert 4 (base 14) to base 7.
4
Convert 11 (base 3) to base 2.
100
-64 (base 10) to base 2
-1000000
What is 121 (base 3) in base 10?
16
What is 10 (base 5) in base 12?
5
Convert -2 (base 10) to base 6.
-2
Convert -2 (base 15) to base 13.
-2
What is -10 (base 8) in base 15?
-8
8b (base 13) to base 12
97
What is 0 (base 15) in base 14?
0
What is 2 (base 6) in base 2?
10
What is -5 (base 8) in base 7?
-5
Convert 80 (base 12) to base 15.
66
Convert -44 (base 15) to base 2.
-1000000
Convert 1012 (base 6) to base 9.
268
8 (base 11) to base 7
11
Convert 113 (base 4) to base 6.
35
Convert -7 (base 10) to base 9.
-7
21 (base 8) to base 10
17
What is -100 (base 5) in base 7?
-34
-3 (base 15) to base 16
-3
6 (base 14) to base 15
6
Convert -1 (base 12) to base 7.
-1
3 (base 6) to base 10
3
What is 3 (base 11) in base 7?
3
Convert -34 (base 16) to base 12.
-44
Convert -124 (base 7) to base 2.
-1000011
-10d (base 15) to base 14
-130
Convert 11 (base 11) to base 7.
15
15 (base 14) to base 11
18
Convert 11 (base 13) to base 4.
32
What is 0 (base 13) in base 5?
0
-8 (base 9) to base 10
-8
131 (base 8) to base 7
155
4 (base 7) to base 11
4
What is -3 (base 9) in base 2?
-11
Convert 10 (base 12) to base 9.
13
Convert 111 (base 3) to base 9.
14
2 (base 16) to base 2
10
Convert 11110 (base 2) to base 12.
26
Convert 132 (base 9) to base 15.
75
Convert 5 (base 15) to base 8.
5
330 (base 5) to base 12
76
Convert 1 (base 7) to base 4.
1
What is 6 (base 11) in base 4?
12
-89 (base 10) to base 16
-59
What is 0 (base 13) in base 9?
0
-1 (base 10) to base 9
-1
What is -223 (base 5) in base 7?
-120
What is -3 (base 9) in base 16?
-3
Convert 220 (base 3) to base 13.
1b
-103 (base 4) to base 6
-31
Convert 16 (base 8) to base 2.
1110
Convert 1 (base 13) to base 14.
1
142 (base 8) to base 5
343
-1222 (base 4) to base 12
-8a
What is 111212 (base 3) in base 4?
11312
What is -100 (base 2) in base 13?
-4
-42 (base 7) to base 4
-132
Convert -200 (base 5) to base 7.
-101
What is -65 (base 7) in base 11?
-43
What is 20001 (base 3) in base 4?
2203
Convert -5 (base 16) to base 6.
-5
What is -2 (base 14) in base 5?
-2
What is 1100 (base 4) in base 3?
2222
Convert -1 (base 4) to base 3.
-1
142 (base 5) to base 2
101111
Convert -a (base 15) to base 6.
-14
Convert -4 (base 14) to base 8.
-4
Convert 1 (bas